omposite number?
False
Suppose -25*w + 26*w - 5 = 0. Suppose 4*r = -4*f + 635 + 201, w*f - 1061 = 3*r. Is f composite?
False
Suppose -7*s + 2350201 = 3*f - 1836771, 3*f = 27. Is s a composite number?
True
Suppose 20*a - 611 + 1731 = 0. Let s = 3463 + a. Is s composite?
False
Suppose 193218 - 6446121 = -27*h. Is h prime?
True
Let f = -36 + 34. Let k be (f/3)/(14/(-63)). Suppose k*n = -0*n + 237. Is n composite?
False
Let m(y) = 6002*y**2 + 25*y - 7. Is m(-2) a composite number?
True
Let u = 124 - 119. Suppose -u*h = -2*k + 12608, 4*k + 5*h - 5271 = 19915. Is k a composite number?
False
Suppose 409*q = 417*q. Suppose 3 = -4*n + 15. Suppose 0*w - n*w + 2067 = q. Is w prime?
False
Let b = -1268 + 1272. Suppose 0 = 2*d - 5*d + 366. Suppose 2*t - b*m - d = 0, -203 = -0*t - 3*t + m. Is t prime?
False
Suppose 89*y - 38196072 = 17*y. Is y prime?
True
Let m(j) = -j**2 - 11*j + 1. Let t be m(-8). Is (-4)/10 + 55635/t + 6 composite?
True
Suppose -5*g - t + 11 = 0, -2*g + 4*t = 2*g - 28. Suppose -g*n + 15 = -0. Suppose k - 3*k - 828 = -2*o, -n*o = -2*k - 2085. Is o a prime number?
True
Suppose -2*g + 0*g - 5*o = -235, 5*g = 4*o + 571. Suppose c - 2*m + 47 = 0, -6*c = -c + m + 290. Let n = g + c. Is n a composite number?
True
Let g be (-3)/(18/(-4)) - (-500)/6. Suppose 4*w = 5*w + g. Is (-2)/(-12) - 162862/w a composite number?
True
Let x(c) = -3*c + 1693. Suppose 4*z - h - 127 = -4*h, -128 = -4*z - 4*h. Let r = 31 - z. Is x(r) composite?
False
Let w be (-4)/(-54) - 52970/(-54). Let h = w + -440. Is h a prime number?
True
Let b be (-134)/3 + 9/(-27). Let z be b/(-6)*(-4)/(-5). Suppose -z*x + 309 = -633. Is x prime?
True
Let u(l) = -34*l**3 + 13*l**2 + 29*l + 5. Let y be u(-7). Suppose 3*x - 2*m - 7261 = 0, x + y = 6*x - 3*m. Is x a prime number?
False
Let z = -43058 + 77451. Is z a composite number?
True
Suppose -2*c = -4*z + 2, -z - 11 = -2*c - 7. Let f(j) = 1902*j**2 + 1. Let g be f(-1). Suppose -3*m - z*m + g = -4*o, 4*o - 371 = -m. Is m a composite number?
False
Let n(d) = 4*d**2 - 17*d + 72. Suppose 35 = -3*a - 10. Is n(a) prime?
False
Let g = 5880 - -151. Is g composite?
True
Suppose 212*w - 36*w - 20*w - 27829308 = 0. Is w a composite number?
False
Let w(c) = 259*c - 147. Let a(b) = 86*b - 48. Let h(x) = 14*a(x) - 5*w(x). Suppose -4*k + 3*m - 68 = 0, -7*k = -4*k + 5*m + 80. Is h(k) composite?
True
Let a(l) = 102*l**2 + 51*l - 371. Is a(32) prime?
False
Let q(t) = 2128*t**2 + 96*t + 19. Is q(11) a prime number?
True
Suppose 28*d + 56 = 196. Suppose t - c + 2 = 0, 2*t = 5*c - 5 - 11. Suppose -2*w - w + 2*s = -479, -d*w + t*s = -793. Is w a composite number?
False
Let w = -710 + 737. Is (1/2)/(w/1850418) a prime number?
True
Suppose 0 = 5*h - 2*b - 174751, 51*h - 47*h - 4*b = 139796. Is h a prime number?
False
Is (2/15 - 12/90) + -33 + 3897922 a composite number?
False
Suppose -2*r - 2*y = 8, -2*r + y - 1 = -4*y. Let s be -67 - (0/5 - r). Let x = 153 - s. Is x a prime number?
True
Let o = -602246 + 1077757. Is o prime?
True
Suppose a - 45 = -38. Suppose -3*b = -423 + 1152. Is (a - 3 - b) + 4 a prime number?
True
Suppose 3*d = -3*f - 2*d + 311682, 0 = -f + 2*d + 103883. Is f composite?
False
Let i = 23 - 12. Let a(h) = 50*h**2 - 5*h - 6. Is a(i) prime?
False
Let l be 6*-1 + 4 + 2. Let o(y) = 3*y + 3. Let z be o(-1). Suppose l = -3*k - 3*f + 444 - 24, 4*k + f - 575 = z. Is k a prime number?
False
Let x(t) = -t**2 - t. Let h(z) = -4*z**2 + 12*z - 3. Let y = -30 - -28. Let p(d) = y*x(d) - h(d). Is p(4) prime?
True
Suppose -47863 = -16*z - 7*z. Let r = 3058 - z. Is r a prime number?
True
Suppose -2*c + 1236816 = 4*p - 1335834, 3*p - 2572645 = -2*c. Is c composite?
True
Suppose -12755 = -124*y + 289 + 7168. Is y composite?
False
Suppose 5*m + 24 = 3*y, -20*m = 5*y - 17*m - 6. Is 90/270 + y/((-18)/(-1912)) prime?
False
Suppose 136*r = 133*r + 664347. Is r composite?
True
Suppose -5 = 3*z + t, 5*t = -z - 0*z + 3. Is (0 - z)*28589/22 prime?
False
Let a be ((-3)/(-6))/((-7)/(-112)). Is (-1 + a)*-2095*(-2)/35 composite?
True
Suppose 0 = -41*h + 3090450 + 984007. Is h a composite number?
False
Suppose 5*n - 10527 = 4533. Suppose -v = -7*v + n. Suppose 0 = -p - p + v. Is p a composite number?
False
Is ((-1219008)/126)/32*1986/(-1*2) a composite number?
True
Let b = -1 + 17. Suppose b = k + 11. Suppose -5*y - 4*q + 4401 = -0*q, -k*q - 3488 = -4*y. Is y a prime number?
True
Let a = -363 + 972. Let f = 902 - a. Is f a composite number?
False
Let m be (-90)/(4/2 + (-56)/35). Is (1322910/m)/((-4)/10) prime?
True
Let v(d) = d**3 - 3*d**2 - 11*d - 16. Let u = -146 - -153. Is v(u) a prime number?
True
Suppose -3*r + 2880 = -2*r. Suppose 4*b - 45 = 7. Suppose 0 = b*k - 617 - r. Is k composite?
False
Let r = -10 - -22. Let k be (1 - 2/(-4))*1936/r. Let v = 457 - k. Is v composite?
True
Let m = -12493 - -27978. Suppose -3*s - 52 = -37, 4*s - m = -5*r. Is r a prime number?
False
Suppose 12 = 10*z - 8*z. Suppose -5*f + 10 = -k, 5*k = 5*f + z + 4. Is (11/(-4))/(k/3460*-1) a prime number?
False
Suppose 29*m + 40*m = 6*m + 15051897. Is m a prime number?
True
Suppose -2*v = -5*o + 6, -3*o + 3*v + 3 = -6. Is 0 - -2819 - o/9 prime?
True
Suppose 5*c - r - 1180 = 4*r, -252 = -c + 5*r. Let t = -62 + c. Let u = t - 43. Is u a prime number?
True
Let g = -13 + 17. Suppose g*a - 274 = -42. Let f = a + 165. Is f prime?
True
Suppose -18*h + 10909 = -13931. Let w = 3461 - h. Is w a composite number?
False
Let b = -57 - -57. Suppose b = r - 3*r + 6. Let h(i) = 172*i**2 + 7*i - 10. Is h(r) a prime number?
True
Let v(l) = 867*l**2 - 65*l + 21. Is v(7) a prime number?
False
Let a be 12/(-54) - 101/(-9). Let y(d) = 172*d + 59. Is y(a) a composite number?
False
Suppose 0*h + 6*h = -6. Let u be (-1 - 157) + 2 + (0 - h). Is (-2 + 21048/10)/((-62)/u) prime?
False
Suppose 20 = 5*k, -4*k + 9*k - 20 = 5*i. Is (1 + (i - -12))/(49/7301) a prime number?
False
Suppose -5*q + 10*g = 6*g - 37, 0 = 4*q + g - 17. Suppose q*h + 34 = 264. Is h/((-9)/((-4716)/8)) prime?
False
Let f(w) = 738918*w**2 - 90*w - 91. Is f(-1) a prime number?
True
Let r = 118395 + -13378. Is r composite?
True
Let k = -2363 - -6882. Suppose -5*q + 3946 = -k. Is q prime?
True
Is 6542902/(-69)*(-21)/14 a composite number?
False
Suppose -x + 7 = -3. Let j(n) = -17 + 6*n**2 - 6*n - 16 + 49 - 15. Is j(x) a composite number?
False
Suppose 0 = 10*u - 15*u - 820. Let z = -67 - u. Is z prime?
True
Let q = 236 - 240. Let t(y) = 104*y**2 + 7*y + 21. Is t(q) composite?
False
Suppose 284180 = 9*t - 199308 + 52595. Is t prime?
False
Let f = -2111 - -4744. Is f a prime number?
True
Let c be (-18)/(-4)*(8 + -6). Suppose c*q + q + 60 = 0. Is ((-203084)/q)/7 + 1/(-3) composite?
True
Suppose -345974 + 1019165 = 9*w + 18*w. Is w prime?
False
Suppose 59302 + 8676 = q - 3*w, 0 = 4*q - 2*w - 271982. Is q composite?
True
Let a(y) = y**2 - 8*y - 2. Let m = 7 - -3. Let s be a(m). Suppose 838 = 19*c - s*c. Is c prime?
False
Let x be 2/4 + 165/110. Suppose x*b + 8 = 0, -5*u - 17*b + 24441 = -21*b. Is u a prime number?
False
Let w be 1/2 + 105/42. Let m(c) = -c**3 - c**2. Let d(j) = -13*j**3 + 7*j**2 - 8*j + 13. Let b(l) = -d(l) - 4*m(l). Is b(w) a prime number?
True
Let m(p) = p**3 + 4*p + 16735. Let z be m(0). Let j = z + -6864. Is j a composite number?
False
Let v(g) = 40*g**2 + 10*g - 23. Let t = 114 + -108. Is v(t) composite?
True
Suppose 319245 - 1986539 = -74*v. Is v a prime number?
True
Let n(x) = -11*x - x**2 - 12*x + 473 + 9840 + 0*x + 5*x. Is n(0) prime?
True
Suppose -2*d = -4 - 4, 5*z - 79 = -d. Suppose -39445 - 30751 = -7*o. Suppose -o = -z*a + 10687. Is a prime?
True
Suppose 152639 = t + 2*g, 8*t = 3*t + 3*g + 763286. Is t a prime number?
False
Suppose 2*u - 4*u + 2 = 0, -m = u - 12. Suppose 0 = 8*j - m*j + 7887. Is j prime?
False
Suppose -3*t - 3*t = -18. Suppose -t = 2*y - 3. Suppose 16*g - 14*g - 1778 = y. Is g a prime number?
False
Let f = 10573 - -90. Suppose f = 9*z - 4061. Suppose -11*a - z = -7301. Is a a prime number?
False
Let s(c) = -154550*c**3 - 38*c**2 - 36*c + 1. Is s(-1) a composite number?
True
Let f(k) = -46*k**3 - 10*k**2 - 196*k - 53. Is f(-11) a composite number?
False
Is (-1658335)/(-3) + (6 - 380/114) prime?
False
Let t = -9 - -13. Suppose -t*u = -u. Suppose u = -b + 116 + 437. Is b composite?
True
Let t(q) = -3*q**2 + 43*q - 15